{"id":1263,"date":"2023-09-20T04:01:00","date_gmt":"2023-09-20T04:01:00","guid":{"rendered":"https:\/\/www.feqsa.com.co\/site\/?page_id=1263"},"modified":"2026-04-09T14:39:18","modified_gmt":"2026-04-09T14:39:18","slug":"marketplace-feqsa","status":"publish","type":"page","link":"https:\/\/www.feqsa.com.co\/site\/convenios\/marketplace-feqsa\/","title":{"rendered":"Marketplace FEQSA"},"content":{"rendered":"\t\t<div data-elementor-type=\"wp-page\" data-elementor-id=\"1263\" class=\"elementor elementor-1263\" data-elementor-settings=\"{&quot;ha_cmc_init_switcher&quot;:&quot;no&quot;}\">\n\t\t\t\t\t\t<section class=\"elementor-section elementor-top-section elementor-element elementor-element-5e01352 elementor-section-boxed elementor-section-height-default elementor-section-height-default\" data-id=\"5e01352\" data-element_type=\"section\" data-settings=\"{&quot;background_background&quot;:&quot;classic&quot;,&quot;_ha_eqh_enable&quot;:false}\">\n\t\t\t\t\t\t<div class=\"elementor-container elementor-column-gap-default\">\n\t\t\t\t\t<div class=\"elementor-column elementor-col-100 elementor-top-column elementor-element elementor-element-786350fe\" data-id=\"786350fe\" data-element_type=\"column\">\n\t\t\t<div class=\"elementor-widget-wrap elementor-element-populated\">\n\t\t\t\t\t\t<div data-ha-element-link=\"{&quot;url&quot;:&quot;https:\\\/\\\/feqsa.micompa.co\\\/&quot;,&quot;is_external&quot;:&quot;&quot;,&quot;nofollow&quot;:&quot;&quot;}\" style=\"cursor: pointer\" class=\"elementor-element elementor-element-6ae571be elementor-widget__width-initial eael-fg-card-content-align-left elementor-widget elementor-widget-eael-filterable-gallery\" data-id=\"6ae571be\" data-element_type=\"widget\" data-settings=\"{&quot;pagination&quot;:&quot;false&quot;}\" data-widget_type=\"eael-filterable-gallery.default\">\n\t\t\t\t<div class=\"elementor-widget-container\">\n\t\t\t\t\t<style id=\"eael-fg-inline-css-6ae571be\">@media only screen and (max-width: 2399px) {\n\t\t\t\t\t.elementor-element.elementor-element-6ae571be .eael-filterable-gallery-item-wrap {\n\t\t\t\t\t        width: 25%;\n\t\t\t\t\t    }\n\t\t\t\t\t}@media only screen and (max-width: 1024px) {\n\t\t\t\t\t.elementor-element.elementor-element-6ae571be  .eael-filterable-gallery-item-wrap {\n\t\t\t\t\t        width: 50%;\n\t\t\t\t\t    }\n\t\t\t\t\t}@media only screen and (max-width: 767px) {\n\t\t\t\t\t.elementor-element.elementor-element-6ae571be  .eael-filterable-gallery-item-wrap {\n\t\t\t\t\t        width: 100%;\n\t\t\t\t\t    }\n\t\t\t\t\t}<\/style>        <div id=\"eael-filter-gallery-wrapper-6ae571be\" class=\"eael-filter-gallery-wrapper\" data-layout-mode=\"layout_3\" data-breakpoints=\"{&quot;mobile&quot;:{&quot;label&quot;:&quot;M\\u00f3vil vertical&quot;,&quot;value&quot;:767,&quot;default_value&quot;:767,&quot;direction&quot;:&quot;max&quot;,&quot;is_enabled&quot;:true},&quot;mobile_extra&quot;:{&quot;label&quot;:&quot;M\\u00f3vil horizontal&quot;,&quot;value&quot;:880,&quot;default_value&quot;:880,&quot;direction&quot;:&quot;max&quot;,&quot;is_enabled&quot;:false},&quot;tablet&quot;:{&quot;label&quot;:&quot;Tableta vertical&quot;,&quot;value&quot;:1024,&quot;default_value&quot;:1024,&quot;direction&quot;:&quot;max&quot;,&quot;is_enabled&quot;:true},&quot;tablet_extra&quot;:{&quot;label&quot;:&quot;Tableta horizontal&quot;,&quot;value&quot;:1200,&quot;default_value&quot;:1200,&quot;direction&quot;:&quot;max&quot;,&quot;is_enabled&quot;:false},&quot;laptop&quot;:{&quot;label&quot;:&quot;Port\\u00e1til&quot;,&quot;value&quot;:1366,&quot;default_value&quot;:1366,&quot;direction&quot;:&quot;max&quot;,&quot;is_enabled&quot;:false},&quot;widescreen&quot;:{&quot;label&quot;:&quot;Pantalla grande&quot;,&quot;value&quot;:2400,&quot;default_value&quot;:2400,&quot;direction&quot;:&quot;min&quot;,&quot;is_enabled&quot;:false}}\" data-default_control_key=\"0\" data-custom_default_control=\"\">\n                        <div class=\"fg-layout-3-filters-wrap\">\n                <div class=\"fg-filter-wrap\">\n                    <button id=\"fg-filter-trigger\" class=\"fg-filter-trigger\">\n                        <span>\n                            Todos                        <\/span>\n                        <i class=\"fas fa-angle-down\"><\/i>\n                    <\/button>\n                    <ul class=\"fg-layout-3-filter-controls\">\n                                                    <li class=\"control  active \" data-filter=\"*\">Todos<\/li>\n                                                \n                                                    <li  class=\"control \" data-filter=\".eael-cf-gallery-item\">Gallery Item<\/li>\n                                            <\/ul>\n                <\/div>\n\n                <form class=\"fg-layout-3-search-box\" id=\"fg-layout-3-search-box\" autocomplete=\"off\">\n                    <input type=\"text\" id=\"fg-search-box-input\" name=\"fg-frontend-search\" placeholder=\"Buscar convenio...\" \/>\n                <\/form>\n\n            <\/div>\n                    <div class=\"eael-filter-gallery-container eael-filter-gallery-grid\" data-images-per-page=\"\" data-total-gallery-items=\"1\" data-nomore-item-text=\"\" data-is-randomize=\"no\" data-settings=\"{&quot;grid_style&quot;:&quot;grid&quot;,&quot;popup&quot;:&quot;buttons&quot;,&quot;duration&quot;:500,&quot;gallery_enabled&quot;:&quot;&quot;,&quot;video_gallery_yt_privacy&quot;:&quot;&quot;,&quot;control_all_text&quot;:&quot;Todos&quot;,&quot;post_id&quot;:1263,&quot;widget_id&quot;:&quot;6ae571be&quot;}\" data-search-all=\"\" data-gallery-items=\"WyI8ZGl2IGNsYXNzPVwiZWFlbC1maWx0ZXJhYmxlLWdhbGxlcnktaXRlbS13cmFwIGVhZWwtY2YtbWFya2V0cGxhY2UtZmVxc2FcIiBkYXRhLXNlYXJjaC1rZXk9XCJtYXJrZXRwbGFjZS1mZXFzYVwiPjxkaXYgY2xhc3M9XCJmZy1sYXlvdXQtMy1pdGVtIGVhZWwtZ2FsbGVyeS1ncmlkLWl0ZW1cIj48YSBhcmVhLWhpZGRlbj1cInRydWVcIiBocmVmPVwiaHR0cHM6XC9cL3d3dy5mZXFzYS5jb20uY29cL3NpdGVcL3dwLWNvbnRlbnRcL3VwbG9hZHNcLzIwMjVcLzAyXC9CYW5uZXItTWluaXNpdGlvXzExem9uLndlYnBcIiBjbGFzcz1cImVhZWwtbWFnbmlmaWMtbGluayBlYWVsLW1hZ25pZmljLWxpbmstY2xvbmUgYWN0aXZlIG1lZGlhLWNvbnRlbnQtd3JhcCBhY3RpdmVcIiBkYXRhLWVsZW1lbnRvci1vcGVuLWxpZ2h0Ym94PVwieWVzXCIgdGl0bGU9XCJNQVJLRVRQTEFDRSBGRVFTQVwiPjxkaXYgY2xhc3M9XCJnYWxsZXJ5LWl0ZW0tdGh1bWJuYWlsLXdyYXAgZmctbGF5b3V0LTMtaXRlbS10aHVtYlwiPjxpbWcgc3JjPVwiaHR0cHM6XC9cL3d3dy5mZXFzYS5jb20uY29cL3NpdGVcL3dwLWNvbnRlbnRcL3VwbG9hZHNcLzIwMjVcLzAyXC9CYW5uZXItTWluaXNpdGlvXzExem9uLndlYnBcIiBkYXRhLWxhenktc3JjPVwiaHR0cHM6XC9cL3d3dy5mZXFzYS5jb20uY29cL3NpdGVcL3dwLWNvbnRlbnRcL3VwbG9hZHNcLzIwMjVcLzAyXC9CYW5uZXItTWluaXNpdGlvXzExem9uLndlYnBcIiBhbHQ9XCJNQVJLRVRQTEFDRSBGRVFTQVwiIGNsYXNzPVwiZ2FsbGVyeS1pdGVtLXRodW1ibmFpbFwiPjxkaXYgY2xhc3M9XCJnYWxsZXJ5LWl0ZW0tY2FwdGlvbi13cmFwIGNhcmQtaG92ZXItYmcgY2FwdGlvbi1zdHlsZS1ob3ZlcmVyXCI+PGRpdiBjbGFzcz1cImZnLWNhcHRpb24taGVhZFwiPjxcL2Rpdj48XC9kaXY+PFwvZGl2PjxcL2E+PGRpdiBjbGFzcz1cImZnLWxheW91dC0zLWl0ZW0tY29udGVudFwiPjxoMiBjbGFzcz1cImZnLWl0ZW0tdGl0bGVcIj5NQVJLRVRQTEFDRSBGRVFTQTxcL2gyPjxkaXYgY2xhc3M9XCJmZy1pdGVtLWNvbnRlbnRcIj48cCBzdHlsZT1cInRleHQtYWxpZ246IGNlbnRlcjtcIiBkYXRhLXN0YXJ0PVwiMTE5XCIgZGF0YS1lbmQ9XCIyNjdcIj48YSBocmVmPVwiaHR0cHM6XC9cL2NvbWVyY2lhbGl6YWRvcmFiZXJzYS5jb21cL1wiPjxzcGFuIHN0eWxlPVwiY29sb3I6ICMzMzMzMzM7XCI+PHN0cm9uZz5BcHJvdmVjaGEgeSBhZHF1aWVyZSBsbyBtZWpvciBlbiBjb21wdXRhZG9yZXMsIGNlbHVsYXJlcywgVFYsIHNvbmlkbywgYXJ0XHUwMGVkY3Vsb3MgcGFyYSBlbCBob2dhciwgY3VpZGFkbyBwZXJzb25hbCB5IG11Y2hvIG1cdTAwZTFzLjxcL3N0cm9uZz48XC9zcGFuPjxcL2E+PFwvcD5cbjxwIHN0eWxlPVwidGV4dC1hbGlnbjogY2VudGVyO1wiIGRhdGEtc3RhcnQ9XCIyNjlcIiBkYXRhLWVuZD1cIjQxMVwiPjxhIGhyZWY9XCJodHRwczpcL1wvY29tZXJjaWFsaXphZG9yYWJlcnNhLmNvbVwvXCI+PHNwYW4gc3R5bGU9XCJjb2xvcjogIzMzMzMzMztcIj48c3Ryb25nIGRhdGEtc3RhcnQ9XCIyNjlcIiBkYXRhLWVuZD1cIjI5NFwiPkhheiBjbGljIGFxdVx1MDBlZDxcL3N0cm9uZz5cdTAwYTB5IHVzYSB0dSA8c3Ryb25nIGRhdGEtc3RhcnQ9XCIzMDRcIiBkYXRhLWVuZD1cIjMyOVwiPmN1cG8gZGUgY3JcdTAwZTlkaXRvIEZFUVNBPFwvc3Ryb25nPiBwYXJhIG9idGVuZXIgdG9kbyBsbyBxdWUgbVx1MDBlMXMgdGUgZ3VzdGEuPFwvc3Bhbj48XC9hPjxcL3A+XG48XC9kaXY+PFwvZGl2PjxcL2Rpdj48XC9kaXY+Il0=\" data-init-show=\"20\">\n            <div class=\"eael-filterable-gallery-item-wrap eael-cf-marketplace-feqsa\" data-search-key=\"marketplace-feqsa\"><div class=\"fg-layout-3-item eael-gallery-grid-item\"><a area-hidden=\"true\" href=\"https:\/\/www.feqsa.com.co\/site\/wp-content\/uploads\/2025\/02\/Banner-Minisitio_11zon.webp\" class=\"eael-magnific-link eael-magnific-link-clone active media-content-wrap active\" data-elementor-open-lightbox=\"yes\" title=\"MARKETPLACE FEQSA\"><div class=\"gallery-item-thumbnail-wrap fg-layout-3-item-thumb\"><img decoding=\"async\" src=\"https:\/\/www.feqsa.com.co\/site\/wp-content\/uploads\/2025\/02\/Banner-Minisitio_11zon.webp\" data-lazy-src=\"https:\/\/www.feqsa.com.co\/site\/wp-content\/uploads\/2025\/02\/Banner-Minisitio_11zon.webp\" alt=\"MARKETPLACE FEQSA\" class=\"gallery-item-thumbnail\"><div class=\"gallery-item-caption-wrap card-hover-bg caption-style-hoverer\"><div class=\"fg-caption-head\"><\/div><\/div><\/div><\/a><div class=\"fg-layout-3-item-content\"><h2 class=\"fg-item-title\">MARKETPLACE FEQSA<\/h2><div class=\"fg-item-content\"><p style=\"text-align: center;\" data-start=\"119\" data-end=\"267\"><a href=\"https:\/\/comercializadorabersa.com\/\"><span style=\"color: #333333;\"><strong>Aprovecha y adquiere lo mejor en computadores, celulares, TV, sonido, art\u00edculos para el hogar, cuidado personal y mucho m\u00e1s.<\/strong><\/span><\/a><\/p>\n<p style=\"text-align: center;\" data-start=\"269\" data-end=\"411\"><a href=\"https:\/\/comercializadorabersa.com\/\"><span style=\"color: #333333;\"><strong data-start=\"269\" data-end=\"294\">Haz clic aqu\u00ed<\/strong>\u00a0y usa tu <strong data-start=\"304\" data-end=\"329\">cupo de cr\u00e9dito FEQSA<\/strong> para obtener todo lo que m\u00e1s te gusta.<\/span><\/a><\/p>\n<\/div><\/div><\/div><\/div>            <div id=\"eael-fg-no-items-found\" style=\"display:none;\">\n                No se han encontrado elementos            <\/div>\n                    <\/div>\n                <\/div>\n        \n        \t\t\t\t<\/div>\n\t\t\t\t<\/div>\n\t\t\t\t\t<\/div>\n\t\t<\/div>\n\t\t\t\t\t<\/div>\n\t\t<\/section>\n\t\t\t\t<\/div>\n\t\t","protected":false},"excerpt":{"rendered":"<p>Todos Todos Gallery Item MARKETPLACE FEQSA Aprovecha y adquiere lo mejor en computadores, celulares, TV, sonido, art\u00edculos para el hogar, cuidado personal y mucho m\u00e1s. Haz clic aqu\u00ed\u00a0y usa tu cupo de cr\u00e9dito FEQSA para obtener todo lo que m\u00e1s te gusta. No se han encontrado elementos<\/p>\n","protected":false},"author":2,"featured_media":0,"parent":28,"menu_order":0,"comment_status":"closed","ping_status":"closed","template":"","meta":{"footnotes":""},"class_list":["post-1263","page","type-page","status-publish","hentry"],"yoast_head":"<!-- This site is optimized with the Yoast SEO plugin v26.7 - https:\/\/yoast.com\/wordpress\/plugins\/seo\/ -->\n<title>Marketplace FEQSA - Feqsa<\/title>\n<meta name=\"robots\" content=\"index, follow, max-snippet:-1, max-image-preview:large, max-video-preview:-1\" \/>\n<link rel=\"canonical\" href=\"https:\/\/www.feqsa.com.co\/site\/convenios\/marketplace-feqsa\/\" \/>\n<meta property=\"og:locale\" content=\"es_ES\" \/>\n<meta property=\"og:type\" content=\"article\" \/>\n<meta property=\"og:title\" content=\"Marketplace FEQSA - Feqsa\" \/>\n<meta property=\"og:description\" content=\"Todos Todos Gallery Item MARKETPLACE FEQSA Aprovecha y adquiere lo mejor en computadores, celulares, TV, sonido, art\u00edculos para el hogar, cuidado personal y mucho m\u00e1s. Haz clic aqu\u00ed\u00a0y usa tu cupo de cr\u00e9dito FEQSA para obtener todo lo que m\u00e1s te gusta. No se han encontrado elementos\" \/>\n<meta property=\"og:url\" content=\"https:\/\/www.feqsa.com.co\/site\/convenios\/marketplace-feqsa\/\" \/>\n<meta property=\"og:site_name\" content=\"Feqsa\" \/>\n<meta property=\"article:modified_time\" content=\"2026-04-09T14:39:18+00:00\" \/>\n<meta property=\"og:image\" content=\"https:\/\/www.feqsa.com.co\/site\/wp-content\/uploads\/2025\/02\/Banner-Minisitio_11zon.webp\" \/>\n<meta name=\"twitter:card\" content=\"summary_large_image\" \/>\n<meta name=\"twitter:label1\" content=\"Tiempo de lectura\" \/>\n\t<meta name=\"twitter:data1\" content=\"1 minuto\" \/>\n<script type=\"application\/ld+json\" class=\"yoast-schema-graph\">{\"@context\":\"https:\/\/schema.org\",\"@graph\":[{\"@type\":\"WebPage\",\"@id\":\"https:\/\/www.feqsa.com.co\/site\/convenios\/marketplace-feqsa\/\",\"url\":\"https:\/\/www.feqsa.com.co\/site\/convenios\/marketplace-feqsa\/\",\"name\":\"Marketplace FEQSA - Feqsa\",\"isPartOf\":{\"@id\":\"https:\/\/www.feqsa.com.co\/site\/#website\"},\"primaryImageOfPage\":{\"@id\":\"https:\/\/www.feqsa.com.co\/site\/convenios\/marketplace-feqsa\/#primaryimage\"},\"image\":{\"@id\":\"https:\/\/www.feqsa.com.co\/site\/convenios\/marketplace-feqsa\/#primaryimage\"},\"thumbnailUrl\":\"https:\/\/www.feqsa.com.co\/site\/wp-content\/uploads\/2025\/02\/Banner-Minisitio_11zon.webp\",\"datePublished\":\"2023-09-20T04:01:00+00:00\",\"dateModified\":\"2026-04-09T14:39:18+00:00\",\"breadcrumb\":{\"@id\":\"https:\/\/www.feqsa.com.co\/site\/convenios\/marketplace-feqsa\/#breadcrumb\"},\"inLanguage\":\"es\",\"potentialAction\":[{\"@type\":\"ReadAction\",\"target\":[\"https:\/\/www.feqsa.com.co\/site\/convenios\/marketplace-feqsa\/\"]}]},{\"@type\":\"ImageObject\",\"inLanguage\":\"es\",\"@id\":\"https:\/\/www.feqsa.com.co\/site\/convenios\/marketplace-feqsa\/#primaryimage\",\"url\":\"https:\/\/www.feqsa.com.co\/site\/wp-content\/uploads\/2025\/02\/Banner-Minisitio_11zon.webp\",\"contentUrl\":\"https:\/\/www.feqsa.com.co\/site\/wp-content\/uploads\/2025\/02\/Banner-Minisitio_11zon.webp\"},{\"@type\":\"BreadcrumbList\",\"@id\":\"https:\/\/www.feqsa.com.co\/site\/convenios\/marketplace-feqsa\/#breadcrumb\",\"itemListElement\":[{\"@type\":\"ListItem\",\"position\":1,\"name\":\"Portada\",\"item\":\"https:\/\/www.feqsa.com.co\/site\/\"},{\"@type\":\"ListItem\",\"position\":2,\"name\":\"Convenios\",\"item\":\"https:\/\/www.feqsa.com.co\/site\/convenios\/\"},{\"@type\":\"ListItem\",\"position\":3,\"name\":\"Marketplace FEQSA\"}]},{\"@type\":\"WebSite\",\"@id\":\"https:\/\/www.feqsa.com.co\/site\/#website\",\"url\":\"https:\/\/www.feqsa.com.co\/site\/\",\"name\":\"Feqsa\",\"description\":\"Fondo de Empleados Quala\",\"publisher\":{\"@id\":\"https:\/\/www.feqsa.com.co\/site\/#organization\"},\"potentialAction\":[{\"@type\":\"SearchAction\",\"target\":{\"@type\":\"EntryPoint\",\"urlTemplate\":\"https:\/\/www.feqsa.com.co\/site\/?s={search_term_string}\"},\"query-input\":{\"@type\":\"PropertyValueSpecification\",\"valueRequired\":true,\"valueName\":\"search_term_string\"}}],\"inLanguage\":\"es\"},{\"@type\":\"Organization\",\"@id\":\"https:\/\/www.feqsa.com.co\/site\/#organization\",\"name\":\"FEQSA - Fondo de Empleados de Quala\",\"url\":\"https:\/\/www.feqsa.com.co\/site\/\",\"logo\":{\"@type\":\"ImageObject\",\"inLanguage\":\"es\",\"@id\":\"https:\/\/www.feqsa.com.co\/site\/#\/schema\/logo\/image\/\",\"url\":\"https:\/\/www.feqsa.com.co\/site\/wp-content\/uploads\/2022\/07\/FEQSA.png\",\"contentUrl\":\"https:\/\/www.feqsa.com.co\/site\/wp-content\/uploads\/2022\/07\/FEQSA.png\",\"width\":436,\"height\":150,\"caption\":\"FEQSA - Fondo de Empleados de Quala\"},\"image\":{\"@id\":\"https:\/\/www.feqsa.com.co\/site\/#\/schema\/logo\/image\/\"}}]}<\/script>\n<!-- \/ Yoast SEO plugin. -->","yoast_head_json":{"title":"Marketplace FEQSA - Feqsa","robots":{"index":"index","follow":"follow","max-snippet":"max-snippet:-1","max-image-preview":"max-image-preview:large","max-video-preview":"max-video-preview:-1"},"canonical":"https:\/\/www.feqsa.com.co\/site\/convenios\/marketplace-feqsa\/","og_locale":"es_ES","og_type":"article","og_title":"Marketplace FEQSA - Feqsa","og_description":"Todos Todos Gallery Item MARKETPLACE FEQSA Aprovecha y adquiere lo mejor en computadores, celulares, TV, sonido, art\u00edculos para el hogar, cuidado personal y mucho m\u00e1s. Haz clic aqu\u00ed\u00a0y usa tu cupo de cr\u00e9dito FEQSA para obtener todo lo que m\u00e1s te gusta. No se han encontrado elementos","og_url":"https:\/\/www.feqsa.com.co\/site\/convenios\/marketplace-feqsa\/","og_site_name":"Feqsa","article_modified_time":"2026-04-09T14:39:18+00:00","og_image":[{"url":"https:\/\/www.feqsa.com.co\/site\/wp-content\/uploads\/2025\/02\/Banner-Minisitio_11zon.webp","type":"","width":"","height":""}],"twitter_card":"summary_large_image","twitter_misc":{"Tiempo de lectura":"1 minuto"},"schema":{"@context":"https:\/\/schema.org","@graph":[{"@type":"WebPage","@id":"https:\/\/www.feqsa.com.co\/site\/convenios\/marketplace-feqsa\/","url":"https:\/\/www.feqsa.com.co\/site\/convenios\/marketplace-feqsa\/","name":"Marketplace FEQSA - Feqsa","isPartOf":{"@id":"https:\/\/www.feqsa.com.co\/site\/#website"},"primaryImageOfPage":{"@id":"https:\/\/www.feqsa.com.co\/site\/convenios\/marketplace-feqsa\/#primaryimage"},"image":{"@id":"https:\/\/www.feqsa.com.co\/site\/convenios\/marketplace-feqsa\/#primaryimage"},"thumbnailUrl":"https:\/\/www.feqsa.com.co\/site\/wp-content\/uploads\/2025\/02\/Banner-Minisitio_11zon.webp","datePublished":"2023-09-20T04:01:00+00:00","dateModified":"2026-04-09T14:39:18+00:00","breadcrumb":{"@id":"https:\/\/www.feqsa.com.co\/site\/convenios\/marketplace-feqsa\/#breadcrumb"},"inLanguage":"es","potentialAction":[{"@type":"ReadAction","target":["https:\/\/www.feqsa.com.co\/site\/convenios\/marketplace-feqsa\/"]}]},{"@type":"ImageObject","inLanguage":"es","@id":"https:\/\/www.feqsa.com.co\/site\/convenios\/marketplace-feqsa\/#primaryimage","url":"https:\/\/www.feqsa.com.co\/site\/wp-content\/uploads\/2025\/02\/Banner-Minisitio_11zon.webp","contentUrl":"https:\/\/www.feqsa.com.co\/site\/wp-content\/uploads\/2025\/02\/Banner-Minisitio_11zon.webp"},{"@type":"BreadcrumbList","@id":"https:\/\/www.feqsa.com.co\/site\/convenios\/marketplace-feqsa\/#breadcrumb","itemListElement":[{"@type":"ListItem","position":1,"name":"Portada","item":"https:\/\/www.feqsa.com.co\/site\/"},{"@type":"ListItem","position":2,"name":"Convenios","item":"https:\/\/www.feqsa.com.co\/site\/convenios\/"},{"@type":"ListItem","position":3,"name":"Marketplace FEQSA"}]},{"@type":"WebSite","@id":"https:\/\/www.feqsa.com.co\/site\/#website","url":"https:\/\/www.feqsa.com.co\/site\/","name":"Feqsa","description":"Fondo de Empleados Quala","publisher":{"@id":"https:\/\/www.feqsa.com.co\/site\/#organization"},"potentialAction":[{"@type":"SearchAction","target":{"@type":"EntryPoint","urlTemplate":"https:\/\/www.feqsa.com.co\/site\/?s={search_term_string}"},"query-input":{"@type":"PropertyValueSpecification","valueRequired":true,"valueName":"search_term_string"}}],"inLanguage":"es"},{"@type":"Organization","@id":"https:\/\/www.feqsa.com.co\/site\/#organization","name":"FEQSA - Fondo de Empleados de Quala","url":"https:\/\/www.feqsa.com.co\/site\/","logo":{"@type":"ImageObject","inLanguage":"es","@id":"https:\/\/www.feqsa.com.co\/site\/#\/schema\/logo\/image\/","url":"https:\/\/www.feqsa.com.co\/site\/wp-content\/uploads\/2022\/07\/FEQSA.png","contentUrl":"https:\/\/www.feqsa.com.co\/site\/wp-content\/uploads\/2022\/07\/FEQSA.png","width":436,"height":150,"caption":"FEQSA - Fondo de Empleados de Quala"},"image":{"@id":"https:\/\/www.feqsa.com.co\/site\/#\/schema\/logo\/image\/"}}]}},"jetpack_sharing_enabled":true,"_links":{"self":[{"href":"https:\/\/www.feqsa.com.co\/site\/wp-json\/wp\/v2\/pages\/1263","targetHints":{"allow":["GET"]}}],"collection":[{"href":"https:\/\/www.feqsa.com.co\/site\/wp-json\/wp\/v2\/pages"}],"about":[{"href":"https:\/\/www.feqsa.com.co\/site\/wp-json\/wp\/v2\/types\/page"}],"author":[{"embeddable":true,"href":"https:\/\/www.feqsa.com.co\/site\/wp-json\/wp\/v2\/users\/2"}],"replies":[{"embeddable":true,"href":"https:\/\/www.feqsa.com.co\/site\/wp-json\/wp\/v2\/comments?post=1263"}],"version-history":[{"count":75,"href":"https:\/\/www.feqsa.com.co\/site\/wp-json\/wp\/v2\/pages\/1263\/revisions"}],"predecessor-version":[{"id":2125,"href":"https:\/\/www.feqsa.com.co\/site\/wp-json\/wp\/v2\/pages\/1263\/revisions\/2125"}],"up":[{"embeddable":true,"href":"https:\/\/www.feqsa.com.co\/site\/wp-json\/wp\/v2\/pages\/28"}],"wp:attachment":[{"href":"https:\/\/www.feqsa.com.co\/site\/wp-json\/wp\/v2\/media?parent=1263"}],"curies":[{"name":"wp","href":"https:\/\/api.w.org\/{rel}","templated":true}]}}