{"id":180,"date":"2019-11-07T15:33:43","date_gmt":"2019-11-07T15:33:43","guid":{"rendered":"https:\/\/www.feqsa.com.co\/site\/?page_id=180"},"modified":"2025-03-19T13:36:09","modified_gmt":"2025-03-19T13:36:09","slug":"vivienda","status":"publish","type":"page","link":"https:\/\/www.feqsa.com.co\/site\/vivienda\/","title":{"rendered":"Vivienda"},"content":{"rendered":"\t\t<div data-elementor-type=\"wp-page\" data-elementor-id=\"180\" class=\"elementor elementor-180\" data-elementor-settings=\"{&quot;ha_cmc_init_switcher&quot;:&quot;no&quot;}\">\n\t\t\t\t\t\t<section class=\"elementor-section elementor-top-section elementor-element elementor-element-24ed238d elementor-section-boxed elementor-section-height-default elementor-section-height-default\" data-id=\"24ed238d\" data-element_type=\"section\" data-settings=\"{&quot;_ha_eqh_enable&quot;:false}\">\n\t\t\t\t\t\t<div class=\"elementor-container elementor-column-gap-default\">\n\t\t\t\t\t<div class=\"elementor-column elementor-col-100 elementor-top-column elementor-element elementor-element-3cc4aec1\" data-id=\"3cc4aec1\" data-element_type=\"column\">\n\t\t\t<div class=\"elementor-widget-wrap elementor-element-populated\">\n\t\t\t\t\t\t<div class=\"elementor-element elementor-element-4a55c760 elementor-widget elementor-widget-text-editor\" data-id=\"4a55c760\" data-element_type=\"widget\" data-widget_type=\"text-editor.default\">\n\t\t\t\t<div class=\"elementor-widget-container\">\n\t\t\t\t\t\t\t\t\t<div style=\"background-color:#002950; opacity:0.75; background-image:url('https:\/\/www.feqsa.com.co\/site\/wp-content\/uploads\/2019\/11\/1048495_bd_media_id_17f0aafa38973730325f37f1204f2039.jpeg'); background-repeat:no-repeat; background-position:center center; padding:8em 0; text-align:center;\">\n  <h1 style=\"color:#ffffff; font-size:60px; font-weight:800; text-transform:uppercase;\">Vivienda<\/h1>\n<\/div>\n\n<section style=\"background-color:#f5f5f5; padding:4em; text-align:center;\">\n  <div style=\"margin-bottom:3em; color:#333333; font-size:18px; max-width:800px; margin-left:auto; margin-right:auto;\">\n    <p>\n      Pr\u00e9stamo social destinado a la adquisici\u00f3n de vivienda nueva o usada, a la construcci\u00f3n de vivienda individual o a la liberaci\u00f3n de gravamen hipotecario. El monto m\u00e1ximo a prestar es hasta $154.000.000 amparados con garant\u00eda hipotecaria, de acuerdo con lo previsto en la Ley 546 de 1999 y sus normas reglamentarias.\nEste cr\u00e9dito requiere necesariamente de una garant\u00eda real hipotecaria del bien y constitucion de poliza hogar donde el beneficiario sea Feqsa.\n    <\/p>\n  <\/div>\n\n  <!-- Contenedor para las tarjetas -->\n  <div style=\"display:flex; gap:2em; flex-wrap:wrap; justify-content:center;\">\n\n    <!-- Antig\u00fcedad -->\n    <div style=\"background-color:#ffffff; box-shadow:0px 0px 6px rgba(51, 51, 51, 0.25); padding:2em; border-radius:10px; flex:1 1 calc(45% - 2em); margin:1em;\">\n      <h2 style=\"font-size:24px; color:#025094; margin-top:0; text-align:center;\">Antig\u00fcedad<\/h2>\n      <ul style=\"text-align:left; margin:20px 0; line-height:1.6;\">\n        <li>Dos a\u00f1os afiliado al Fondo.<\/li>\n        <li>Monto: hasta el 70% del valor comercial del inmueble dependiendo de la capacidad de endeudamiento del asociado.<\/li>\n      <\/ul>\n    <\/div>\n\n    <!-- Plazo m\u00e1ximo -->\n    <div style=\"background-color:#ffffff; box-shadow:0px 0px 6px rgba(51, 51, 51, 0.25); padding:2em; border-radius:10px; flex:1 1 calc(45% - 2em); margin:1em;\">\n      <h2 style=\"font-size:24px; color:#025094; margin-top:0; text-align:center;\">Plazo m\u00e1ximo<\/h2>\n      <ul style=\"text-align:left; margin:20px 0; line-height:1.6;\">\n        <li>Diez a\u00f1os.<\/li>\n        <li>Inter\u00e9s: 0.90% nominal mensual sobre saldo.<\/li>\n      <\/ul>\n    <\/div>\n\n    <!-- Documentos - Inmuebles usados -->\n    <div style=\"background-color:#ffffff; box-shadow:0px 0px 6px rgba(51, 51, 51, 0.25); padding:2em; border-radius:10px; flex:1 1 calc(45% - 2em); margin:1em;\">\n      <h2 style=\"font-size:24px; color:#025094; margin-top:0; text-align:center;\">Documentos &#8211; Inmuebles usados<\/h2>\n      <ul style=\"text-align:left; margin:20px 0; line-height:1.6;\">\n        <li>Certificado de tradici\u00f3n y libertad del inmueble con no m\u00e1s de 30 d\u00edas de expedido.<\/li>\n        <li>Copia de los 2 \u00faltimos recibos de impuesto predial o certificaci\u00f3n de pago.<\/li>\n        <li>Copia de la \u00faltima escritura p\u00fablica registrada en el certificado de tradici\u00f3n y libertad.<\/li>\n        <li>Documentos de la constructora o vendedor (RUT, Certificado de Existencia y Representaci\u00f3n Legal original y no mayor a 30 d\u00edas de expedici\u00f3n, Certificado Bancario original y no mayor a 30 d\u00edas de expedici\u00f3n, estados financieros y declaraci\u00f3n de renta si es declarante).<\/li>\n      <\/ul>\n    <\/div>\n\n    <!-- Documentos - Inmuebles nuevos -->\n    <div style=\"background-color:#ffffff; box-shadow:0px 0px 6px rgba(51, 51, 51, 0.25); padding:2em; border-radius:10px; flex:1 1 calc(45% - 2em); margin:1em;\">\n      <h2 style=\"font-size:24px; color:#025094; margin-top:0; text-align:center;\">Documentos &#8211; Inmuebles nuevos<\/h2>\n      <ul style=\"text-align:left; margin:20px 0; line-height:1.6;\">\n        <li>Certificado de tradici\u00f3n y libertad del inmueble con no m\u00e1s de 30 d\u00edas de expedido.<\/li>\n        <li>Copia de los 2 \u00faltimos recibos de impuesto predial o certificaci\u00f3n de pago.<\/li>\n        <li>Copia de la \u00faltima escritura p\u00fablica registrada en el certificado de tradici\u00f3n y libertad.<\/li>\n        <li>Documentos de la constructora o vendedor (RUT, Certificado de Existencia y Representaci\u00f3n Legal original y no mayor a 30 d\u00edas de expedici\u00f3n, Certificado Bancario original y no mayor a 30 d\u00edas de expedici\u00f3n, estados financieros y declaraci\u00f3n de renta si es declarante).<\/li>\n      <\/ul>\n    <\/div>\n  <\/div>\n<\/section>\n\n\t\t\t\t\t\t\t\t<\/div>\n\t\t\t\t<\/div>\n\t\t\t\t\t<\/div>\n\t\t<\/div>\n\t\t\t\t\t<\/div>\n\t\t<\/section>\n\t\t\t\t<\/div>\n\t\t","protected":false},"excerpt":{"rendered":"<p>Vivienda Pr\u00e9stamo social destinado a la adquisici\u00f3n de vivienda nueva o usada, a la construcci\u00f3n de vivienda individual o a la liberaci\u00f3n de gravamen hipotecario. El monto m\u00e1ximo a prestar es hasta $154.000.000 amparados con garant\u00eda hipotecaria, de acuerdo con lo previsto en la Ley 546 de 1999 y sus normas reglamentarias. Este cr\u00e9dito requiere [&hellip;]<\/p>\n","protected":false},"author":1,"featured_media":0,"parent":0,"menu_order":0,"comment_status":"closed","ping_status":"closed","template":"","meta":{"footnotes":""},"class_list":["post-180","page","type-page","status-publish","hentry"],"yoast_head":"<!-- This site is optimized with the Yoast SEO plugin v26.7 - https:\/\/yoast.com\/wordpress\/plugins\/seo\/ -->\n<title>Vivienda - Feqsa<\/title>\n<meta name=\"robots\" content=\"index, follow, max-snippet:-1, max-image-preview:large, max-video-preview:-1\" \/>\n<link rel=\"canonical\" href=\"https:\/\/www.feqsa.com.co\/site\/vivienda\/\" \/>\n<meta property=\"og:locale\" content=\"es_ES\" \/>\n<meta property=\"og:type\" content=\"article\" \/>\n<meta property=\"og:title\" content=\"Vivienda - Feqsa\" \/>\n<meta property=\"og:description\" content=\"Vivienda Pr\u00e9stamo social destinado a la adquisici\u00f3n de vivienda nueva o usada, a la construcci\u00f3n de vivienda individual o a la liberaci\u00f3n de gravamen hipotecario. El monto m\u00e1ximo a prestar es hasta $154.000.000 amparados con garant\u00eda hipotecaria, de acuerdo con lo previsto en la Ley 546 de 1999 y sus normas reglamentarias. Este cr\u00e9dito requiere [&hellip;]\" \/>\n<meta property=\"og:url\" content=\"https:\/\/www.feqsa.com.co\/site\/vivienda\/\" \/>\n<meta property=\"og:site_name\" content=\"Feqsa\" \/>\n<meta property=\"article:modified_time\" content=\"2025-03-19T13:36:09+00:00\" \/>\n<meta name=\"twitter:card\" content=\"summary_large_image\" \/>\n<meta name=\"twitter:label1\" content=\"Tiempo de lectura\" \/>\n\t<meta name=\"twitter:data1\" content=\"2 minutos\" \/>\n<script type=\"application\/ld+json\" class=\"yoast-schema-graph\">{\"@context\":\"https:\/\/schema.org\",\"@graph\":[{\"@type\":\"WebPage\",\"@id\":\"https:\/\/www.feqsa.com.co\/site\/vivienda\/\",\"url\":\"https:\/\/www.feqsa.com.co\/site\/vivienda\/\",\"name\":\"Vivienda - Feqsa\",\"isPartOf\":{\"@id\":\"https:\/\/www.feqsa.com.co\/site\/#website\"},\"datePublished\":\"2019-11-07T15:33:43+00:00\",\"dateModified\":\"2025-03-19T13:36:09+00:00\",\"breadcrumb\":{\"@id\":\"https:\/\/www.feqsa.com.co\/site\/vivienda\/#breadcrumb\"},\"inLanguage\":\"es\",\"potentialAction\":[{\"@type\":\"ReadAction\",\"target\":[\"https:\/\/www.feqsa.com.co\/site\/vivienda\/\"]}]},{\"@type\":\"BreadcrumbList\",\"@id\":\"https:\/\/www.feqsa.com.co\/site\/vivienda\/#breadcrumb\",\"itemListElement\":[{\"@type\":\"ListItem\",\"position\":1,\"name\":\"Portada\",\"item\":\"https:\/\/www.feqsa.com.co\/site\/\"},{\"@type\":\"ListItem\",\"position\":2,\"name\":\"Vivienda\"}]},{\"@type\":\"WebSite\",\"@id\":\"https:\/\/www.feqsa.com.co\/site\/#website\",\"url\":\"https:\/\/www.feqsa.com.co\/site\/\",\"name\":\"Feqsa\",\"description\":\"Fondo de Empleados Quala\",\"publisher\":{\"@id\":\"https:\/\/www.feqsa.com.co\/site\/#organization\"},\"potentialAction\":[{\"@type\":\"SearchAction\",\"target\":{\"@type\":\"EntryPoint\",\"urlTemplate\":\"https:\/\/www.feqsa.com.co\/site\/?s={search_term_string}\"},\"query-input\":{\"@type\":\"PropertyValueSpecification\",\"valueRequired\":true,\"valueName\":\"search_term_string\"}}],\"inLanguage\":\"es\"},{\"@type\":\"Organization\",\"@id\":\"https:\/\/www.feqsa.com.co\/site\/#organization\",\"name\":\"FEQSA - Fondo de Empleados de Quala\",\"url\":\"https:\/\/www.feqsa.com.co\/site\/\",\"logo\":{\"@type\":\"ImageObject\",\"inLanguage\":\"es\",\"@id\":\"https:\/\/www.feqsa.com.co\/site\/#\/schema\/logo\/image\/\",\"url\":\"https:\/\/www.feqsa.com.co\/site\/wp-content\/uploads\/2022\/07\/FEQSA.png\",\"contentUrl\":\"https:\/\/www.feqsa.com.co\/site\/wp-content\/uploads\/2022\/07\/FEQSA.png\",\"width\":436,\"height\":150,\"caption\":\"FEQSA - Fondo de Empleados de Quala\"},\"image\":{\"@id\":\"https:\/\/www.feqsa.com.co\/site\/#\/schema\/logo\/image\/\"}}]}<\/script>\n<!-- \/ Yoast SEO plugin. -->","yoast_head_json":{"title":"Vivienda - Feqsa","robots":{"index":"index","follow":"follow","max-snippet":"max-snippet:-1","max-image-preview":"max-image-preview:large","max-video-preview":"max-video-preview:-1"},"canonical":"https:\/\/www.feqsa.com.co\/site\/vivienda\/","og_locale":"es_ES","og_type":"article","og_title":"Vivienda - Feqsa","og_description":"Vivienda Pr\u00e9stamo social destinado a la adquisici\u00f3n de vivienda nueva o usada, a la construcci\u00f3n de vivienda individual o a la liberaci\u00f3n de gravamen hipotecario. El monto m\u00e1ximo a prestar es hasta $154.000.000 amparados con garant\u00eda hipotecaria, de acuerdo con lo previsto en la Ley 546 de 1999 y sus normas reglamentarias. Este cr\u00e9dito requiere [&hellip;]","og_url":"https:\/\/www.feqsa.com.co\/site\/vivienda\/","og_site_name":"Feqsa","article_modified_time":"2025-03-19T13:36:09+00:00","twitter_card":"summary_large_image","twitter_misc":{"Tiempo de lectura":"2 minutos"},"schema":{"@context":"https:\/\/schema.org","@graph":[{"@type":"WebPage","@id":"https:\/\/www.feqsa.com.co\/site\/vivienda\/","url":"https:\/\/www.feqsa.com.co\/site\/vivienda\/","name":"Vivienda - Feqsa","isPartOf":{"@id":"https:\/\/www.feqsa.com.co\/site\/#website"},"datePublished":"2019-11-07T15:33:43+00:00","dateModified":"2025-03-19T13:36:09+00:00","breadcrumb":{"@id":"https:\/\/www.feqsa.com.co\/site\/vivienda\/#breadcrumb"},"inLanguage":"es","potentialAction":[{"@type":"ReadAction","target":["https:\/\/www.feqsa.com.co\/site\/vivienda\/"]}]},{"@type":"BreadcrumbList","@id":"https:\/\/www.feqsa.com.co\/site\/vivienda\/#breadcrumb","itemListElement":[{"@type":"ListItem","position":1,"name":"Portada","item":"https:\/\/www.feqsa.com.co\/site\/"},{"@type":"ListItem","position":2,"name":"Vivienda"}]},{"@type":"WebSite","@id":"https:\/\/www.feqsa.com.co\/site\/#website","url":"https:\/\/www.feqsa.com.co\/site\/","name":"Feqsa","description":"Fondo de Empleados Quala","publisher":{"@id":"https:\/\/www.feqsa.com.co\/site\/#organization"},"potentialAction":[{"@type":"SearchAction","target":{"@type":"EntryPoint","urlTemplate":"https:\/\/www.feqsa.com.co\/site\/?s={search_term_string}"},"query-input":{"@type":"PropertyValueSpecification","valueRequired":true,"valueName":"search_term_string"}}],"inLanguage":"es"},{"@type":"Organization","@id":"https:\/\/www.feqsa.com.co\/site\/#organization","name":"FEQSA - Fondo de Empleados de Quala","url":"https:\/\/www.feqsa.com.co\/site\/","logo":{"@type":"ImageObject","inLanguage":"es","@id":"https:\/\/www.feqsa.com.co\/site\/#\/schema\/logo\/image\/","url":"https:\/\/www.feqsa.com.co\/site\/wp-content\/uploads\/2022\/07\/FEQSA.png","contentUrl":"https:\/\/www.feqsa.com.co\/site\/wp-content\/uploads\/2022\/07\/FEQSA.png","width":436,"height":150,"caption":"FEQSA - Fondo de Empleados de Quala"},"image":{"@id":"https:\/\/www.feqsa.com.co\/site\/#\/schema\/logo\/image\/"}}]}},"jetpack_sharing_enabled":true,"_links":{"self":[{"href":"https:\/\/www.feqsa.com.co\/site\/wp-json\/wp\/v2\/pages\/180","targetHints":{"allow":["GET"]}}],"collection":[{"href":"https:\/\/www.feqsa.com.co\/site\/wp-json\/wp\/v2\/pages"}],"about":[{"href":"https:\/\/www.feqsa.com.co\/site\/wp-json\/wp\/v2\/types\/page"}],"author":[{"embeddable":true,"href":"https:\/\/www.feqsa.com.co\/site\/wp-json\/wp\/v2\/users\/1"}],"replies":[{"embeddable":true,"href":"https:\/\/www.feqsa.com.co\/site\/wp-json\/wp\/v2\/comments?post=180"}],"version-history":[{"count":32,"href":"https:\/\/www.feqsa.com.co\/site\/wp-json\/wp\/v2\/pages\/180\/revisions"}],"predecessor-version":[{"id":1953,"href":"https:\/\/www.feqsa.com.co\/site\/wp-json\/wp\/v2\/pages\/180\/revisions\/1953"}],"wp:attachment":[{"href":"https:\/\/www.feqsa.com.co\/site\/wp-json\/wp\/v2\/media?parent=180"}],"curies":[{"name":"wp","href":"https:\/\/api.w.org\/{rel}","templated":true}]}}