{"id":59,"date":"2019-11-01T16:16:02","date_gmt":"2019-11-01T16:16:02","guid":{"rendered":"https:\/\/www.feqsa.com.co\/site\/?page_id=59"},"modified":"2023-09-26T19:44:25","modified_gmt":"2023-09-26T19:44:25","slug":"mision-vision","status":"publish","type":"page","link":"https:\/\/www.feqsa.com.co\/site\/mision-vision\/","title":{"rendered":"Misi\u00f3n &#8211; Vision"},"content":{"rendered":"    <!--[section]-->\n\t\t<style>\n.bd-section-203338562{background-color:#f5f5f5;padding:2em;}\n@media (max-width: 767px) {.bd-section-203338562{padding-right:1em;padding-left:1em;}}\n.bd-section-203338562{\n\tline-height:  30.6px;\n\tcolor:  #ffffff;\n\tfont-size:  18px;\n\tfont-weight:  400;\n}\n.bd-section-203338562 h2{\n\tline-height:  30px;\n\tfont-size:  20px;\n\tfont-weight:  500;\n\tcolor:  #f5f5f5;\n}\n.bd-section-203338562 h1{\n\tline-height:  36px;\n\tfont-size:  30px;\n\tfont-weight:  600;\n\tcolor:  #ffffff;\n}\n\n@media (max-width: 767px) {.bd-section-203338562{\n\tline-height:  22.85714286px;\n\tfont-size:  16px;\n}\n}<\/style>\t\t<section id=section5 class=\" bd-section-203338562  bd-tagstyles\" data-section-title=\"Two Columns Left Offset\">\n\t\t\t<div class=\"bd-container-inner bd-margins clearfix\">\n\t\t\t\t<!--{content}-->\n\t\t\t\t\t    <!--[columns]-->\n        <style>\n.bd-layoutcontainer-245438905 > .bd-container-inner > .container-fluid > .row{height:100%;margin:0px;}\n.bd-layoutcontainer-245438905 > .bd-container-inner > .container-fluid > .row > div{padding:0px;}\n.bd-layoutcontainer-245438905  > .bd-container-inner > .container-fluid:after{display:none;}<\/style><style>\n.bd-layoutcontainer-245438905 > .bd-container-inner > .container-fluid, .bd-layoutcontainer-245438905 > .bd-container-inner > .container-fluid > .row{height:100%;}<\/style><style>.bd-layoutcontainer-245438905 > .bd-container-inner > .container-fluid {padding-left: 0; padding-right: 0;margin-left: 0!important; margin-right: 0!important;}<\/style>        <style>\n.bd-layoutcolumn-2131555340{margin-top:2em;background-color:#002950;min-height:250px;margin-bottom:2em;margin-right:-2em;position:relative;z-index:1;background-image:url(https:\/\/www.feqsa.com.co\/site\/wp-content\/uploads\/2023\/09\/02fdf1bcf30171000b382cb86ad9406d_DSC01673.jpg);background-repeat:no-repeat;background-attachment:scroll;background-position:center center;background-size:cover;-webkit-box-shadow:0px 0px 7px 0 rgba(0, 0, 0, 0.33);-o-box-shadow:0px 0px 7px 0 rgba(0, 0, 0, 0.33);-ms-box-shadow:0px 0px 7px 0 rgba(0, 0, 0, 0.33);-moz-box-shadow:0px 0px 7px 0 rgba(0, 0, 0, 0.33);box-shadow:0px 0px 7px 0 rgba(0, 0, 0, 0.33);padding:0px;border-radius:20px;}\n@media (max-width: 767px) {.bd-layoutcolumn-2131555340{min-height:200px;margin:0em 2% -2em;padding:5%;}}\n\n.bd-layoutcolumn-2891892{position:relative;background-attachment:scroll;background-size:cover;margin-left:-2em;background-color:#025094;padding:10% 10% 10% 20%;border-radius:20px;}\n@media (max-width: 767px) {.bd-layoutcolumn-2891892{padding-right:10%;padding-top:20%;padding-left:10%;margin-right:-1em;margin-left:-1em;}}\n.bd-layoutcolumn-2891892{\n\ttext-align:  right;\n}\n<\/style>        <div class=\" bd-layoutcontainer-245438905  bd-columns bd-no-margins\">\n            <div class=\"bd-container-inner\">\n                <div class=\"container-fluid\">\n                    <div class=\"row bd-row-flex bd-row-align-middle\">\n                        <!--{content}-->\n                                <!--[column]-->\n        <div class=\"col-lg-4 col-sm-4 bd-columnwrapper-2131555340\">\n            <div class=\"bd-column  bd-layoutcolumn-2131555340  bd-no-margins\">\n                <div class=\"bd-vertical-align-wrapper\">\n                    <!--{content}-->\n                                            <!--{\/content}-->\n                <\/div>\n            <\/div>\n        <\/div>\n    <!--[\/column]-->\n\n\t\n\t\t    <!--[column]-->\n        <div class=\"col-lg-8 col-sm-8 bd-columnwrapper-2891892\">\n            <div class=\"bd-column  bd-layoutcolumn-2891892  bd-no-margins\">\n                <div class=\"bd-vertical-align-wrapper\">\n                    <!--{content}-->\n                            <!--[text]-->\n        <style>\n.additional-class-1860282327{margin-top:0px;}<\/style>        <h1 class=\" additional-class-1860282327  bd-content-element\">\n            <!--{content}-->\n                Misi\u00f3n            <!--{\/content}-->\n        <\/h1>\n    <!--[\/text]-->\n\n\t\n\t\t\n    <!--[separator]-->\n    <style>\n.bd-separator-615070843{padding-top:1em;padding-bottom:1em;}<\/style>        <style>\n.bd-separator-615070843 .bd-separator-inner:before, .bd-separator-615070843 .bd-separator-inner:after{border-top:3px solid #ffffff;}<\/style>    <style>\n.bd-separator-615070843 .bd-separator-inner{width:70px;}<\/style>\n    <div class=\" bd-separator-615070843  bd-separator-right bd-separator-content-center clearfix\">\n        <div class=\"bd-container-inner\">\n            <div class=\"bd-separator-inner\">\n                                <!--{content}--><!--{\/content}-->\n            <\/div>\n        <\/div>\n    <\/div>\n    <!--[\/separator]-->\n\n    \n\t\n\t\t    <!--[text]-->\n        <style>\n.additional-class-1048921032{\n\ttext-align:  justify;\n}\n<\/style>        <p class=\" additional-class-1048921032  bd-content-element\">\n            <!--{content}-->\n                Nuestra misi\u00f3n es mejorar el nivel de vida de nuestros Asociados, mediante la prestaci\u00f3n de servicios financieros a bajos costos, con una atenci\u00f3n \u00e1gil y efectiva, informaci\u00f3n oportuna y veraz, apoyo y respaldo para sus ahorros con el mejor servicio social. En cumplimiento de su misi\u00f3n el Fondo facilita de acuerdo a los reglamentos de ahorro y cr\u00e9dito, contratos de servicio de Salud y Seguros a sus Asociados; atiende las necesidades de los Asociados mediante convenios especiales para la adquisici\u00f3n de bienes y servicios con otras personas naturales o jur\u00eddicas y desarrolla programas orientados al bienestar social del Asociado y su familia.            <!--{\/content}-->\n        <\/p>\n    <!--[\/text]-->\n                    <!--{\/content}-->\n                <\/div>\n            <\/div>\n        <\/div>\n    <!--[\/column]-->\n                        <!--{\/content}-->\n                    <\/div>\n                <\/div>\n            <\/div>\n        <\/div>\n    <!--[\/columns]-->\n\t\t\t\t<!--{\/content}-->\n\t\t\t<\/div>\n\t\t<\/section>\n\t<!--[\/section]-->\n\n    <!--[section]-->\n\t\t<style>\n.bd-section-1502322039{background-color:#f5f5f5;padding:2em;}\n@media (max-width: 767px) {.bd-section-1502322039{padding:0em 1em;}}\n.bd-section-1502322039{\n\tline-height:  30.6px;\n\tcolor:  #ffffff;\n\tfont-size:  18px;\n\tfont-weight:  400;\n}\n.bd-section-1502322039 h2{\n\tline-height:  30px;\n\tfont-size:  20px;\n\tfont-weight:  500;\n\tcolor:  #f5f5f5;\n}\n.bd-section-1502322039 h1{\n\tline-height:  36px;\n\tfont-size:  30px;\n\tfont-weight:  600;\n\tcolor:  #ffffff;\n}\n\n@media (max-width: 767px) {.bd-section-1502322039{\n\tline-height:  22.85714286px;\n\tfont-size:  16px;\n}\n}<\/style>\t\t<section id=section5 class=\" bd-section-1502322039  bd-tagstyles\" data-section-title=\"Two Columns Left Offset\">\n\t\t\t<div class=\"bd-container-inner bd-margins clearfix\">\n\t\t\t\t<!--{content}-->\n\t\t\t\t\t    <!--[columns]-->\n        <style>\n.bd-layoutcontainer-1961111420 > .bd-container-inner > .container-fluid > .row{height:100%;margin:0px;}\n.bd-layoutcontainer-1961111420 > .bd-container-inner > .container-fluid > .row > div{padding:0px;}\n.bd-layoutcontainer-1961111420  > .bd-container-inner > .container-fluid:after{display:none;}<\/style><style>\n.bd-layoutcontainer-1961111420 > .bd-container-inner > .container-fluid, .bd-layoutcontainer-1961111420 > .bd-container-inner > .container-fluid > .row{height:100%;}<\/style><style>.bd-layoutcontainer-1961111420 > .bd-container-inner > .container-fluid {padding-left: 0; padding-right: 0;margin-left: 0!important; margin-right: 0!important;}<\/style>        <style>\n.bd-layoutcolumn-283524131{position:relative;background-attachment:scroll;background-size:cover;margin-left:-2em;background-color:#025094;padding:10% 10% 10% 20%;border-radius:20px;}\n@media (max-width: 767px) {.bd-layoutcolumn-283524131{padding-right:10%;padding-top:20%;padding-left:10%;margin-right:-1em;margin-left:-1em;}}\n.bd-layoutcolumn-283524131{\n\ttext-align:  right;\n}\n\n\n.bd-layoutcolumn-746375233{margin-top:2em;background-color:#002950;min-height:250px;margin-bottom:2em;margin-right:-2em;position:relative;z-index:1;background-image:url(https:\/\/www.feqsa.com.co\/site\/wp-content\/uploads\/2023\/09\/a1a0511ebd9de7f5c31d35e63ca769d4_DSC01731-scaled.jpg);background-repeat:no-repeat;background-attachment:scroll;background-position:center center;background-size:cover;-webkit-box-shadow:0px 0px 7px 0 rgba(0, 0, 0, 0.33);-o-box-shadow:0px 0px 7px 0 rgba(0, 0, 0, 0.33);-ms-box-shadow:0px 0px 7px 0 rgba(0, 0, 0, 0.33);-moz-box-shadow:0px 0px 7px 0 rgba(0, 0, 0, 0.33);box-shadow:0px 0px 7px 0 rgba(0, 0, 0, 0.33);padding:0px;border-radius:20px;}\n@media (max-width: 767px) {.bd-layoutcolumn-746375233{margin:0em 2% -2em;padding:5%;}}<\/style>        <div class=\" bd-layoutcontainer-1961111420  bd-columns bd-no-margins\">\n            <div class=\"bd-container-inner\">\n                <div class=\"container-fluid\">\n                    <div class=\"row bd-row-flex bd-row-align-middle\">\n                        <!--{content}-->\n                                <!--[column]-->\n        <div class=\"col-sm-8 bd-columnwrapper-283524131\">\n            <div class=\"bd-column  bd-layoutcolumn-283524131  bd-no-margins\">\n                <div class=\"bd-vertical-align-wrapper\">\n                    <!--{content}-->\n                            <!--[text]-->\n        <style>\n.additional-class-1323482607{margin-top:0px;}<\/style>        <h1 class=\" additional-class-1323482607  bd-content-element\">\n            <!--{content}-->\n                Visi\u00f3n            <!--{\/content}-->\n        <\/h1>\n    <!--[\/text]-->\n\n\t\n\t\t\n    <!--[separator]-->\n    <style>\n.bd-separator-1053977416{padding-top:1em;padding-bottom:1em;}<\/style>        <style>\n.bd-separator-1053977416 .bd-separator-inner:before, .bd-separator-1053977416 .bd-separator-inner:after{border-top:3px solid #ffffff;}<\/style>    <style>\n.bd-separator-1053977416 .bd-separator-inner{width:70px;}<\/style>\n    <div class=\" bd-separator-1053977416  bd-separator-right bd-separator-content-center clearfix\">\n        <div class=\"bd-container-inner\">\n            <div class=\"bd-separator-inner\">\n                                <!--{content}--><!--{\/content}-->\n            <\/div>\n        <\/div>\n    <\/div>\n    <!--[\/separator]-->\n\n    \n\t\n\t\t    <!--[text]-->\n        <style>\n.additional-class-1673721572{\n\ttext-align:  justify;\n}\n<\/style>        <p class=\" additional-class-1673721572  bd-content-element\">\n            <!--{content}-->\n                El Fondo de Empleados de Quala S.A. orientar\u00e1 sus esfuerzos presentes y futuros para conformar una entidad Asociativa s\u00f3lida estable, sin \u00e1nimo de lucro, que fomentar\u00e1 el ahorro entre sus Asociados. Buscar\u00e1 estrechar los v\u00ednculos de compa\u00f1erismo y solidaridad entre sus miembros, proporcionar\u00e1 mejores servicios econ\u00f3micos y sociales. Obtendr\u00e1 un mayor crecimiento, y lograremos que todos los empleados de QUALA S.A. sean asociados.            <!--{\/content}-->\n        <\/p>\n    <!--[\/text]-->\n                    <!--{\/content}-->\n                <\/div>\n            <\/div>\n        <\/div>\n    <!--[\/column]-->\n\n\t\n\t\t    <!--[column]-->\n        <div class=\"col-sm-4  hidden-xs bd-columnwrapper-746375233\">\n            <div class=\"bd-column  bd-layoutcolumn-746375233  hidden-xs  bd-no-margins\">\n                <div class=\"bd-vertical-align-wrapper\">\n                    <!--{content}-->\n                                            <!--{\/content}-->\n                <\/div>\n            <\/div>\n        <\/div>\n    <!--[\/column]-->\n                        <!--{\/content}-->\n                    <\/div>\n                <\/div>\n            <\/div>\n        <\/div>\n    <!--[\/columns]-->\n\t\t\t\t<!--{\/content}-->\n\t\t\t<\/div>\n\t\t<\/section>\n\t<!--[\/section]-->\n\n<!--[fluid]--><!--{content}-->    <!--[section]-->\n\t\t<style>\n.bd-section-164040273{background-color:#f5f5f5;padding:2em;}\n@media (max-width: 767px) {.bd-section-164040273{padding-left:1em;padding-right:1em;}}\n.bd-section-164040273{\n\tline-height:  30.6px;\n\tcolor:  #ffffff;\n\tfont-size:  18px;\n\tfont-weight:  400;\n}\n.bd-section-164040273 h2{\n\tline-height:  30px;\n\tfont-size:  20px;\n\tfont-weight:  500;\n\tcolor:  #f5f5f5;\n}\n.bd-section-164040273 h1{\n\tline-height:  36px;\n\tfont-size:  30px;\n\tfont-weight:  600;\n\tcolor:  #ffffff;\n}\n\n@media (max-width: 767px) {.bd-section-164040273{\n\tline-height:  22.85714286px;\n\tfont-size:  16px;\n}\n}<\/style>\t\t<section id=section5 class=\" bd-section-164040273 bd-page-width  bd-tagstyles\" data-section-title=\"Two Columns Left Offset\">\n\t\t\t<div class=\"bd-container-inner bd-margins clearfix\">\n\t\t\t\t<!--{content}-->\n\t\t\t\t\t    <!--[columns]-->\n        <style>\n.bd-layoutcontainer-2138009131 > .bd-container-inner > .container-fluid > .row{height:100%;margin:0px;}\n.bd-layoutcontainer-2138009131 > .bd-container-inner > .container-fluid > .row > div{padding:0px;}\n.bd-layoutcontainer-2138009131  > .bd-container-inner > .container-fluid:after{display:none;}<\/style><style>\n.bd-layoutcontainer-2138009131 > .bd-container-inner > .container-fluid, .bd-layoutcontainer-2138009131 > .bd-container-inner > .container-fluid > .row{height:100%;}<\/style><style>.bd-layoutcontainer-2138009131 > .bd-container-inner > .container-fluid {padding-left: 0; padding-right: 0;margin-left: 0!important; margin-right: 0!important;}<\/style>        <style>\n.bd-layoutcolumn-2047430176{margin-top:2em;background-color:#ffffff;min-height:250px;margin-bottom:2em;margin-right:-2em;position:relative;z-index:1;background-image:url(https:\/\/www.feqsa.com.co\/site\/wp-content\/uploads\/2023\/01\/f34be33c40575773cedacc557c5aa86b_HISTORIAQUALA.png);background-repeat:no-repeat;background-attachment:scroll;background-position:center center;background-size:cover;-webkit-box-shadow:0px 0px 7px 0 rgba(0, 0, 0, 0.33);-o-box-shadow:0px 0px 7px 0 rgba(0, 0, 0, 0.33);-ms-box-shadow:0px 0px 7px 0 rgba(0, 0, 0, 0.33);-moz-box-shadow:0px 0px 7px 0 rgba(0, 0, 0, 0.33);box-shadow:0px 0px 7px 0 rgba(0, 0, 0, 0.33);padding:0px;border-radius:20px;}\n@media (max-width: 767px) {.bd-layoutcolumn-2047430176{min-height:200px;margin:0em 2% -2em;padding:5%;}}\n\n.bd-layoutcolumn-1950536329{position:relative;background-attachment:scroll;background-size:cover;margin-left:-2em;background-color:#025094;padding:10% 10% 10% 20%;border-radius:20px;}\n@media (max-width: 767px) {.bd-layoutcolumn-1950536329{padding-right:10%;padding-top:20%;padding-left:10%;margin-right:-1em;margin-left:-1em;}}\n.bd-layoutcolumn-1950536329{\n\ttext-align:  right;\n}\n<\/style>        <div class=\" bd-layoutcontainer-2138009131  bd-columns bd-no-margins\">\n            <div class=\"bd-container-inner\">\n                <div class=\"container-fluid\">\n                    <div class=\"row bd-row-flex bd-row-align-middle\">\n                        <!--{content}-->\n                                <!--[column]-->\n        <div class=\"col-sm-4 bd-columnwrapper-2047430176\">\n            <div class=\"bd-column  bd-layoutcolumn-2047430176  bd-no-margins\">\n                <div class=\"bd-vertical-align-wrapper\">\n                    <!--{content}-->\n                                            <!--{\/content}-->\n                <\/div>\n            <\/div>\n        <\/div>\n    <!--[\/column]-->\n\n\t\n\t\t    <!--[column]-->\n        <div class=\"col-sm-8 bd-columnwrapper-1950536329\">\n            <div class=\"bd-column  bd-layoutcolumn-1950536329  bd-no-margins\">\n                <div class=\"bd-vertical-align-wrapper\">\n                    <!--{content}-->\n                            <!--[text]-->\n        <style>\n.additional-class-1089336151{margin-top:0px;}<\/style>        <h1 class=\" additional-class-1089336151  bd-content-element\">\n            <!--{content}-->\n                Historia            <!--{\/content}-->\n        <\/h1>\n    <!--[\/text]-->\n\n\t\n\t\t\n    <!--[separator]-->\n    <style>\n.bd-separator-281847533{padding-top:1em;padding-bottom:1em;}<\/style>        <style>\n.bd-separator-281847533 .bd-separator-inner:before, .bd-separator-281847533 .bd-separator-inner:after{border-top:3px solid #ffffff;}<\/style>    <style>\n.bd-separator-281847533 .bd-separator-inner{width:70px;}<\/style>\n    <div class=\" bd-separator-281847533  bd-separator-right bd-separator-content-center clearfix\">\n        <div class=\"bd-container-inner\">\n            <div class=\"bd-separator-inner\">\n                                <!--{content}--><!--{\/content}-->\n            <\/div>\n        <\/div>\n    <\/div>\n    <!--[\/separator]-->\n\n    \n\t\n\t\t    <!--[text]-->\n        <style>\n.additional-class-1902644184{\n\ttext-align:  justify;\n}\n<\/style>        <p class=\" additional-class-1902644184  bd-content-element\">\n            <!--{content}-->\n                El 17 de enero del a\u00f1o 1997 se constituye el Fondo de Empleados de QUALA \"FEQSA\". Seg\u00fan registro de la C\u00e1mara de Comercio de Bogot\u00e1 n\u00famero S002274 Al inicio de las operaciones contaba con 40 afiliados y en la actualidad sus afiliados ascienden a m\u00e1s de 2700 Los servicios que se prestan se han ido ampliando con el transcurrir de los a\u00f1os y en este momento posee una cobertura a escala nacional. El Fondo a lo largo de su historia ha contado con un apoyo importante tanto econ\u00f3mico como administrativo por parte de Quala S.A. y es identificado por todos sus Asociados como una entidad seria que presta servicios excelentes. El fondo cuenta en la actualidad con una administraci\u00f3n propia, en cumplimiento de las normas Legales y sus estatutos cuenta con un Gerente, un Contador y una Firma de Revisor\u00eda Fiscal externa.            <!--{\/content}-->\n        <\/p>\n    <!--[\/text]-->\n                    <!--{\/content}-->\n                <\/div>\n            <\/div>\n        <\/div>\n    <!--[\/column]-->\n                        <!--{\/content}-->\n                    <\/div>\n                <\/div>\n            <\/div>\n        <\/div>\n    <!--[\/columns]-->\n\t\t\t\t<!--{\/content}-->\n\t\t\t<\/div>\n\t\t<\/section>\n\t<!--[\/section]-->\n<!--{\/content}--><!--[\/fluid]-->\n","protected":false},"excerpt":{"rendered":"","protected":false},"author":1,"featured_media":0,"parent":0,"menu_order":0,"comment_status":"closed","ping_status":"closed","template":"","meta":{"footnotes":""},"class_list":["post-59","page","type-page","status-publish","hentry"],"yoast_head":"<!-- This site is optimized with the Yoast SEO plugin v26.7 - https:\/\/yoast.com\/wordpress\/plugins\/seo\/ -->\n<title>Misi\u00f3n - Vision - Feqsa<\/title>\n<meta name=\"robots\" content=\"index, follow, max-snippet:-1, max-image-preview:large, max-video-preview:-1\" \/>\n<link rel=\"canonical\" href=\"https:\/\/www.feqsa.com.co\/site\/mision-vision\/\" \/>\n<meta property=\"og:locale\" content=\"es_ES\" \/>\n<meta property=\"og:type\" content=\"article\" \/>\n<meta property=\"og:title\" content=\"Misi\u00f3n - Vision - Feqsa\" \/>\n<meta property=\"og:url\" content=\"https:\/\/www.feqsa.com.co\/site\/mision-vision\/\" \/>\n<meta property=\"og:site_name\" content=\"Feqsa\" \/>\n<meta property=\"article:modified_time\" content=\"2023-09-26T19:44:25+00:00\" \/>\n<meta name=\"twitter:card\" content=\"summary_large_image\" \/>\n<meta name=\"twitter:label1\" content=\"Tiempo de lectura\" \/>\n\t<meta name=\"twitter:data1\" content=\"6 minutos\" \/>\n<script type=\"application\/ld+json\" class=\"yoast-schema-graph\">{\"@context\":\"https:\/\/schema.org\",\"@graph\":[{\"@type\":\"WebPage\",\"@id\":\"https:\/\/www.feqsa.com.co\/site\/mision-vision\/\",\"url\":\"https:\/\/www.feqsa.com.co\/site\/mision-vision\/\",\"name\":\"Misi\u00f3n - Vision - Feqsa\",\"isPartOf\":{\"@id\":\"https:\/\/www.feqsa.com.co\/site\/#website\"},\"datePublished\":\"2019-11-01T16:16:02+00:00\",\"dateModified\":\"2023-09-26T19:44:25+00:00\",\"breadcrumb\":{\"@id\":\"https:\/\/www.feqsa.com.co\/site\/mision-vision\/#breadcrumb\"},\"inLanguage\":\"es\",\"potentialAction\":[{\"@type\":\"ReadAction\",\"target\":[\"https:\/\/www.feqsa.com.co\/site\/mision-vision\/\"]}]},{\"@type\":\"BreadcrumbList\",\"@id\":\"https:\/\/www.feqsa.com.co\/site\/mision-vision\/#breadcrumb\",\"itemListElement\":[{\"@type\":\"ListItem\",\"position\":1,\"name\":\"Portada\",\"item\":\"https:\/\/www.feqsa.com.co\/site\/\"},{\"@type\":\"ListItem\",\"position\":2,\"name\":\"Misi\u00f3n &#8211; Vision\"}]},{\"@type\":\"WebSite\",\"@id\":\"https:\/\/www.feqsa.com.co\/site\/#website\",\"url\":\"https:\/\/www.feqsa.com.co\/site\/\",\"name\":\"Feqsa\",\"description\":\"Fondo de Empleados Quala\",\"publisher\":{\"@id\":\"https:\/\/www.feqsa.com.co\/site\/#organization\"},\"potentialAction\":[{\"@type\":\"SearchAction\",\"target\":{\"@type\":\"EntryPoint\",\"urlTemplate\":\"https:\/\/www.feqsa.com.co\/site\/?s={search_term_string}\"},\"query-input\":{\"@type\":\"PropertyValueSpecification\",\"valueRequired\":true,\"valueName\":\"search_term_string\"}}],\"inLanguage\":\"es\"},{\"@type\":\"Organization\",\"@id\":\"https:\/\/www.feqsa.com.co\/site\/#organization\",\"name\":\"FEQSA - Fondo de Empleados de Quala\",\"url\":\"https:\/\/www.feqsa.com.co\/site\/\",\"logo\":{\"@type\":\"ImageObject\",\"inLanguage\":\"es\",\"@id\":\"https:\/\/www.feqsa.com.co\/site\/#\/schema\/logo\/image\/\",\"url\":\"https:\/\/www.feqsa.com.co\/site\/wp-content\/uploads\/2022\/07\/FEQSA.png\",\"contentUrl\":\"https:\/\/www.feqsa.com.co\/site\/wp-content\/uploads\/2022\/07\/FEQSA.png\",\"width\":436,\"height\":150,\"caption\":\"FEQSA - Fondo de Empleados de Quala\"},\"image\":{\"@id\":\"https:\/\/www.feqsa.com.co\/site\/#\/schema\/logo\/image\/\"}}]}<\/script>\n<!-- \/ Yoast SEO plugin. -->","yoast_head_json":{"title":"Misi\u00f3n - Vision - Feqsa","robots":{"index":"index","follow":"follow","max-snippet":"max-snippet:-1","max-image-preview":"max-image-preview:large","max-video-preview":"max-video-preview:-1"},"canonical":"https:\/\/www.feqsa.com.co\/site\/mision-vision\/","og_locale":"es_ES","og_type":"article","og_title":"Misi\u00f3n - Vision - Feqsa","og_url":"https:\/\/www.feqsa.com.co\/site\/mision-vision\/","og_site_name":"Feqsa","article_modified_time":"2023-09-26T19:44:25+00:00","twitter_card":"summary_large_image","twitter_misc":{"Tiempo de lectura":"6 minutos"},"schema":{"@context":"https:\/\/schema.org","@graph":[{"@type":"WebPage","@id":"https:\/\/www.feqsa.com.co\/site\/mision-vision\/","url":"https:\/\/www.feqsa.com.co\/site\/mision-vision\/","name":"Misi\u00f3n - Vision - Feqsa","isPartOf":{"@id":"https:\/\/www.feqsa.com.co\/site\/#website"},"datePublished":"2019-11-01T16:16:02+00:00","dateModified":"2023-09-26T19:44:25+00:00","breadcrumb":{"@id":"https:\/\/www.feqsa.com.co\/site\/mision-vision\/#breadcrumb"},"inLanguage":"es","potentialAction":[{"@type":"ReadAction","target":["https:\/\/www.feqsa.com.co\/site\/mision-vision\/"]}]},{"@type":"BreadcrumbList","@id":"https:\/\/www.feqsa.com.co\/site\/mision-vision\/#breadcrumb","itemListElement":[{"@type":"ListItem","position":1,"name":"Portada","item":"https:\/\/www.feqsa.com.co\/site\/"},{"@type":"ListItem","position":2,"name":"Misi\u00f3n &#8211; Vision"}]},{"@type":"WebSite","@id":"https:\/\/www.feqsa.com.co\/site\/#website","url":"https:\/\/www.feqsa.com.co\/site\/","name":"Feqsa","description":"Fondo de Empleados Quala","publisher":{"@id":"https:\/\/www.feqsa.com.co\/site\/#organization"},"potentialAction":[{"@type":"SearchAction","target":{"@type":"EntryPoint","urlTemplate":"https:\/\/www.feqsa.com.co\/site\/?s={search_term_string}"},"query-input":{"@type":"PropertyValueSpecification","valueRequired":true,"valueName":"search_term_string"}}],"inLanguage":"es"},{"@type":"Organization","@id":"https:\/\/www.feqsa.com.co\/site\/#organization","name":"FEQSA - Fondo de Empleados de Quala","url":"https:\/\/www.feqsa.com.co\/site\/","logo":{"@type":"ImageObject","inLanguage":"es","@id":"https:\/\/www.feqsa.com.co\/site\/#\/schema\/logo\/image\/","url":"https:\/\/www.feqsa.com.co\/site\/wp-content\/uploads\/2022\/07\/FEQSA.png","contentUrl":"https:\/\/www.feqsa.com.co\/site\/wp-content\/uploads\/2022\/07\/FEQSA.png","width":436,"height":150,"caption":"FEQSA - Fondo de Empleados de Quala"},"image":{"@id":"https:\/\/www.feqsa.com.co\/site\/#\/schema\/logo\/image\/"}}]}},"jetpack_sharing_enabled":true,"_links":{"self":[{"href":"https:\/\/www.feqsa.com.co\/site\/wp-json\/wp\/v2\/pages\/59","targetHints":{"allow":["GET"]}}],"collection":[{"href":"https:\/\/www.feqsa.com.co\/site\/wp-json\/wp\/v2\/pages"}],"about":[{"href":"https:\/\/www.feqsa.com.co\/site\/wp-json\/wp\/v2\/types\/page"}],"author":[{"embeddable":true,"href":"https:\/\/www.feqsa.com.co\/site\/wp-json\/wp\/v2\/users\/1"}],"replies":[{"embeddable":true,"href":"https:\/\/www.feqsa.com.co\/site\/wp-json\/wp\/v2\/comments?post=59"}],"version-history":[{"count":15,"href":"https:\/\/www.feqsa.com.co\/site\/wp-json\/wp\/v2\/pages\/59\/revisions"}],"predecessor-version":[{"id":1484,"href":"https:\/\/www.feqsa.com.co\/site\/wp-json\/wp\/v2\/pages\/59\/revisions\/1484"}],"wp:attachment":[{"href":"https:\/\/www.feqsa.com.co\/site\/wp-json\/wp\/v2\/media?parent=59"}],"curies":[{"name":"wp","href":"https:\/\/api.w.org\/{rel}","templated":true}]}}